y 15.
11
What is the remainder when 24249 is divided by 127?
119
What is the remainder when 16131 is divided by 149?
39
Calculate the remainder when 627 is divided by 211.
205
Calculate the remainder when 233657 is divided by 34.
9
What is the remainder when 187658 is divided by 9?
8
What is the remainder when 37503 is divided by 262?
37
What is the remainder when 557519 is divided by 207?
68
Calculate the remainder when 6748 is divided by 58.
20
Calculate the remainder when 54759 is divided by 3409.
215
What is the remainder when 528016 is divided by 2456?
2432
Calculate the remainder when 7347183 is divided by 14.
11
Calculate the remainder when 735238 is divided by 66.
64
What is the remainder when 177277 is divided by 7?
2
Calculate the remainder when 11196 is divided by 560.
556
What is the remainder when 4950993 is divided by 595?
593
Calculate the remainder when 603093 is divided by 883.
4
Calculate the remainder when 19861 is divided by 343.
310
Calculate the remainder when 7589 is divided by 7567.
22
Calculate the remainder when 35119 is divided by 90.
19
Calculate the remainder when 22073 is divided by 5503.
61
Calculate the remainder when 434 is divided by 100.
34
Calculate the remainder when 575720 is divided by 574.
572
Calculate the remainder when 1997 is divided by 278.
51
What is the remainder when 60273 is divided by 58?
11
What is the remainder when 5049 is divided by 99?
0
What is the remainder when 26973 is divided by 281?
278
Calculate the remainder when 11624 is divided by 1641.
137
What is the remainder when 10727 is divided by 335?
7
Calculate the remainder when 9433 is divided by 30.
13
What is the remainder when 8870 is divided by 51?
47
What is the remainder when 55122 is divided by 2899?
41
What is the remainder when 197376 is divided by 201?
195
What is the remainder when 13843 is divided by 433?
420
What is the remainder when 49263 is divided by 306?
303
Calculate the remainder when 81436 is divided by 129.
37
Calculate the remainder when 58003 is divided by 380.
243
What is the remainder when 327327 is divided by 14?
7
Calculate the remainder when 59324 is divided by 1379.
27
What is the remainder when 51767 is divided by 523?
513
What is the remainder when 5334 is divided by 1775?
9
What is the remainder when 3977 is divided by 657?
35
Calculate the remainder when 1000639 is divided by 424.
423
Calculate the remainder when 442075 is divided by 50.
25
Calculate the remainder when 4795 is divided by 4639.
156
What is the remainder when 2798 is divided by 682?
70
What is the remainder when 1393 is divided by 30?
13
Calculate the remainder when 6199 is divided by 171.
43
What is the remainder when 47831 is divided by 349?
18
Calculate the remainder when 5338 is divided by 875.
88
Calculate the remainder when 176012 is divided by 21995.
52
What is the remainder when 62690 is divided by 15670?
10
What is the remainder when 2953 is divided by 51?
46
What is the remainder when 329812 is divided by 251?
249
Calculate the remainder when 1526 is divided by 11.
8
Calculate the remainder when 25898 is divided by 59.
56
Calculate the remainder when 5108 is divided by 1702.
2
What is the remainder when 10779 is divided by 40?
19
What is the remainder when 605813 is divided by 33?
32
Calculate the remainder when 81853 is divided by 114.
1
Calculate the remainder when 1477 is divided by 182.
21
Calculate the remainder when 45458 is divided by 372.
74
What is the remainder when 143 is divided by 109?
34
Calculate the remainder when 1248 is divided by 243.
33
What is the remainder when 7954 is divided by 39?
37
What is the remainder when 1594358 is divided by 31?
28
What is the remainder when 2072 is divided by 32?
24
Calculate the remainder when 32795 is divided by 42.
35
Calculate the remainder when 4301 is divided by 65.
11
What is the remainder when 788 is divided by 181?
64
Calculate the remainder when 17369 is divided by 157.
99
What is the remainder when 2381578 is divided by 37?
36
What is the remainder when 1970219 is divided by 35?
34
Calculate the remainder when 819 is divided by 756.
63
Calculate the remainder when 322942 is divided by 116.
114
What is the remainder when 15069 is divided by 40?
29
Calculate the remainder when 1674 is divided by 103.
26
Calculate the remainder when 57344 is divided by 536.
528
Calculate the remainder when 19637 is divided by 161.
156
Calculate the remainder when 265779 is divided by 388.
387
What is the remainder when 25575 is divided by 341?
0
Calculate the remainder when 210860 is divided by 92.
88
What is the remainder when 3011 is divided by 110?
41
What is the remainder when 1583227 is divided by 192?
187
Calculate the remainder when 49137 is divided by 158.
157
What is the remainder when 6961 is divided by 204?
25
What is the remainder when 17820 is divided by 4436?
76
Calculate the remainder when 6957 is divided by 243.
153
Calculate the remainder when 4293 is divided by 710.
33
What is the remainder when 1476966 is divided by 11?
7
What is the remainder when 55877 is divided by 61?
1
Calculate the remainder when 893 is divided by 269.
86
What is the remainder when 235316 is divided by 27?
11
What is the remainder when 781 is divided by 664?
117
Calculate the remainder when 454665 is divided by 95.
90
Calculate the remainder when 37469 is divided by 747.
119
What is the remainder when 6182 is divided by 679?
71
Calculate the remainder when 3532 is divided by 526.
376
Calculate the remainder when 199073 is divided by 66353.
14
Calculate the remainder when 13874 is divided by 1540.
14
Calculate the remainder when 77271 is divided by 36.
15
Calculate the remainder when 56024 is divided by 9336.
8
Calculate the remainder when 5778 is divided by 186.
12
Calculate the remainder when 165118 is divided by 438.
430
Calculate the remainder when 141282 is divided by 327.
18
What is the remainder when 3196 is divided by 228?
4
Calculate the remainder when 4809 is divided by 151.
128
Calculate the remainder when 877 is divided by 427.
23
What is the remainder when 16483 is divided by 1202?
857
What is the remainder when 4969884 is divided by 57?
54
What is the remainder when 139793 is divided by 23?
22
What is the remainder when 6156 is divided by 1418?
484
Calculate the remainder when 32112 is divided by 43.
34
What is the remainder when 920 is divided by 832?
88
What is the remainder when 1498007 is divided by 109?
20
What is the remainder when 1264030 is divided by 792?
790
Calculate the remainder when 60667 is divided by 29.
28
Calculate the remainder when 1348 is divided by 331.
24
Calculate the remainder when 2008 is divided by 341.
303
What is the remainder when 16837 is divided by 468?
457
What is the remainder when 17806 is divided by 2963?
28
What is the remainder when 1456777 is divided by 52?
49
Calculate the remainder when 898482 is divided by 81679.
13
What is the remainder when 3196 is divided by 29?
6
What is the remainder when 126323 is divided by 42106?
5
What is the remainder when 147532 is divided by 1942?
1882
Calculate the remainder when 15464 is divided by 1.
0
What is the remainder when 80660 is divided by 535?
410
Calculate the remainder when 175553 is divided by 335.
13
What is the remainder when 30106 is divided by 77?
76
What is the remainder when 164256 is divided by 2607?
15
What is the remainder when 8500 is divided by 4125?
250
Calculate the remainder when 3506 is divided by 295.
261
Calculate the remainder when 27484 is divided by 231.
226
Calculate the remainder when 634736 is divided by 12.
8
What is the remainder when 3986 is divided by 7?
3
Calculate the remainder when 24334 is divided by 52.
50
Calculate the remainder when 1893 is divided by 2.
1
What is the remainder when 149 is divided by 66?
17
Calculate the remainder when 156733 is divided by 39.
31
Calculate the remainder when 31732 is divided by 129.
127
What is the remainder when 33273 is divided by 124?
41
What is the remainder when 5012 is divided by 27?
17
Calculate the remainder when 3450 is divided by 171.
30
What is the remainder when 32086 is divided by 7?
5
What is the remainder when 43656 is divided by 8726?
26
Calculate the remainder when 2286 is divided by 25.
11
Calculate the remai